 Is ((-5)/r)/(2/(-14618)) a composite number?
False
Is (-1)/((-57948606)/9658098 - -6) a composite number?
False
Suppose 6*r - 4*r = 36. Let j be r/30 + 543/(-5). Let o = 265 + j. Is o prime?
True
Let h = -4 - 11. Let y(u) = -172*u + 100. Let f(l) = 42*l - 25. Let c(j) = -25*f(j) - 6*y(j). Is c(h) composite?
True
Is ((-130)/25)/(-13)*(-1345810)/(-4) a prime number?
True
Let h(o) = 1687*o**2 - 2*o + 8. Is h(5) prime?
False
Let j = 573569 - 387690. Is j composite?
True
Let k be 5*136 - (0 - 0). Suppose -5327*d + 5323*d = -52. Suppose -5*x = -d*x + k. Is x composite?
True
Let d(m) = -m**3 + 174*m**2 - 1913*m - 429. Is d(162) prime?
False
Let w = -37481 + 113118. Is w a composite number?
True
Let x(y) = 15*y**2 + 4*y + 10. Let j be x(-12). Suppose -68*k + 66*k = j. Let g = k + 1734. Is g prime?
True
Suppose -3*m - 3*r = -300 - 372, 3*m - 4*r - 672 = 0. Suppose 225*c - 2899 = m*c. Is c a composite number?
True
Suppose -5*m = -18*f + 16*f - 8655, 4*m = 18*f + 6842. Is m composite?
False
Suppose -11*d - 3072 - 9677 = 0. Let p = d + 2520. Is p prime?
True
Let d be (-2)/(-14)*70/(-12 + 22). Is d*(3262 + -5 + 8) prime?
False
Let u(g) = 38*g - 9. Let h be 4/6 + (-84)/(-9). Let w be u(h). Suppose w = 60*f - 59*f. Is f a composite number?
True
Suppose -11*n + 25*n - 4755226 = -0*n. Is n a prime number?
True
Suppose -4*r - 277 = -7*r + a, 193 = 2*r + a. Suppose r*i - 53829 = 85*i. Is i a prime number?
True
Let u be (-24 - -26)*(-3)/(-6). Let z(t) = 2897*t**3 - 6*t**2 + 7*t - 1. Is z(u) prime?
True
Let i(w) = -w**2 + 17*w - 31. Suppose -3*p = -6*p + 39. Let u be i(p). Let r(q) = q**2 - 19*q + 27. Is r(u) a composite number?
True
Let q(x) = -23*x**3 - 33*x**2 - 101*x + 26. Is q(-15) a prime number?
True
Suppose -5*b + 5*a = -173140, -a + 2402 + 32232 = b. Is b a composite number?
False
Suppose 2*b = 11*b + 93330. Let i = 161 - b. Is i a prime number?
True
Suppose -2*i + 70*f + 420853 = 67*f, 0 = -4*i - f + 841643. Is i a composite number?
True
Suppose -7*m - 2*o = -3*m - 14, -4*m + 12 = 4*o. Suppose 3*y = 4*y + 5*b - 3071, -m = -2*b. Is y a prime number?
True
Let s(f) = 377*f - 57. Let z(h) = 1130*h - 170. Let b(i) = -7*s(i) + 2*z(i). Is b(-6) composite?
False
Let k(u) = 2001 - 943 + 140*u - 976. Is k(11) composite?
True
Let b(u) = 3*u**3 + 8*u**2 + 6*u + 34. Let n be b(10). Let h = n + -1921. Is h prime?
True
Suppose -2096*w - 310289 = -2103*w. Is w composite?
True
Suppose 32*r + 121383 = 34*r - 5*s, r = -3*s + 60730. Is r a composite number?
True
Let s(n) = -886*n + 3. Let v(x) = 2*x + 37. Let g be v(-17). Suppose -g*q - 10 = -2*r, -6*q - 5*r = -q + 25. Is s(q) composite?
False
Let u(g) = 722*g**2 + g + 3. Suppose 65 = x + 63. Is u(x) a prime number?
False
Let y(g) = -23 + 20 - 7*g - 22 + 0*g. Let a be y(-4). Suppose t + 4*t = 10, 2*l - 2432 = a*t. Is l prime?
False
Let n be 8*((-4)/(-10) - (-21)/(-15)). Is 762*(-4)/n*(1 + 0) composite?
True
Is (-7)/(-420)*-6*-4767010 prime?
True
Suppose -5*b = 581 - 35266. Suppose 0 = 4*j + 3*q - 18288, 2*j - q - b - 2197 = 0. Is j a prime number?
False
Let s(d) = 24*d**2 + 24*d + 14. Let f be s(13). Suppose 8814 = 4*o - f. Is o a prime number?
True
Suppose -14807 - 51878 = -5*c. Let q = c - 3278. Suppose 87*v + q = 90*v. Is v a composite number?
True
Let w(k) = -k**3 + 5*k**2 + 3*k - 2. Let a be w(-4). Suppose 6 = 3*c, -2*d + 316 = 10*c - 12*c. Suppose 0 = -2*i + d + a. Is i composite?
True
Suppose 10*h + 3432 = 2*h. Let t = 3077 - h. Is t composite?
True
Let h(d) = d**2 - 14*d - 1483. Is h(68) a composite number?
True
Suppose -63*z = -70*z. Suppose z*k = 17*k - 5185. Is k a prime number?
False
Suppose 78549 = 57*r - 180630. Is r composite?
False
Suppose 50*i - 4890746 + 123796 = 0. Is i composite?
False
Suppose -11*h = 24*h - 3995734 - 586711. Is h a prime number?
True
Let y = -6808 - -24099. Is y a prime number?
True
Let o = 9146 + -2710. Suppose 3*t = 5*w - 9*w + 9649, -2*t = 2*w - o. Is t a composite number?
True
Suppose t - 3 + 0 = 0. Suppose 60 = 18*l - t*l. Suppose -5*v - 690 = -5*n, 3*v - 665 = -l*n - 141. Is n a prime number?
False
Is -6*(-8)/192*1054948 a composite number?
False
Let o(n) be the second derivative of 41*n**7/180 + n**6/720 + n**5/12 - n**4/2 + 25*n. Let v(t) be the third derivative of o(t). Is v(-3) prime?
False
Let y = 137 + -237. Is (-4721)/(y/(-15) - 7) composite?
True
Suppose -21 = -3*b, -39*w - b - 161502 = -40*w. Is w prime?
False
Let y = 47 + -47. Suppose 4*s - 4*q + 4332 = 0, y*q = -2*q + 4. Let w = -230 - s. Is w prime?
False
Let b(l) = 24*l**3 + 7*l**2 - 12*l - 7. Let x be b(7). Let g = 1283 + x. Is g a prime number?
True
Suppose 0 = d + 5*n - 63226, 3*n - 48828 - 77645 = -2*d. Is d prime?
True
Suppose -15*s = -7*s - 64. Let c be s/2*(-10)/(-40). Is (c - -1408)*6/6 a composite number?
False
Let f = -269 + -468. Let w = f + 1084. Is w a composite number?
False
Let x be -4 - -1*(0 - -2). Let o(q) = -2*q - 26*q**3 - 2*q + 0*q - 4*q**2 - 2518 + 2517. Is o(x) a composite number?
False
Let u = -188 + 224. Suppose -28*w + u*w - 29128 = 0. Is w composite?
True
Suppose -z + 4*w + 19330 = -23289, 4*z = -4*w + 170496. Is z a composite number?
True
Let k = 5050 - 1430. Suppose 5*g - 885 = k. Is g a prime number?
False
Let k be (-23770)/(-3) + 18/27. Let v be k/14*14/4. Suppose 537 = 2*d - v. Is d a composite number?
False
Suppose -s = 3*c + 4*s - 124654, 5*c = -5*s + 207740. Suppose -4*z + c + 9093 = 0. Is z composite?
False
Let l = 12 + -8. Suppose -y + 11 = y + 3*j, 2*y = l*j - 24. Is ((-11)/22 + y/4)*-929 a prime number?
True
Let p(d) = -899*d + 7590. Is p(-17) a prime number?
False
Suppose -2*f = f - 2*n - 8, f = -4*n - 16. Suppose f = 6*q - 2*q + 120. Let z = q - -143. Is z prime?
True
Let s = -46 - -46. Let l be 1 - 2 - s - (-8 - -5). Suppose 0*i - j = i - 698, l*i - j = 1405. Is i composite?
False
Suppose 6*c + 5*n - 2415520 = c, 2*n - 483104 = -c. Is 2 - (c/(-40) - (-9)/15) prime?
False
Let g = -324 - -2309. Let m be 68/18 + 2/9. Suppose -5*a - m*q = -7678 + g, 0 = 5*q + 15. Is a a composite number?
True
Let s(d) = 63*d**2 - 20*d - 6. Let w(l) = -l**2. Let o(c) = s(c) - 2*w(c). Is o(9) composite?
True
Let v = -49036 - -71342. Let d = v + -5437. Is d a prime number?
False
Is (-15)/(-6)*(-7)/(56/(-128144)) composite?
True
Suppose -7*k + 3*k = 144. Let i be (-3)/(((-3)/3)/k). Let m = -55 - i. Is m prime?
True
Suppose -45*m + 32*m + 520 = 0. Suppose 0 = -28*i + m*i - 3588. Is i a prime number?
False
Let t(b) = -10*b + 14. Let m be t(-2). Suppose 39*g - 6055 = m*g. Is g composite?
True
Let g(n) = -2552*n + 150. Let d(t) = 2553*t - 152. Let z(a) = -5*d(a) - 4*g(a). Is z(-7) composite?
False
Let t(x) = 369*x**3 + x**2 - 3*x + 3. Let b(f) = f**3 + 3*f**2 - 26*f + 1. Let i be b(-7). Let z = -11 - i. Is t(z) composite?
False
Let u be ((-2)/(-2) + 4)*61. Suppose 3*q - 168 + 426 = 0. Let i = u - q. Is i a composite number?
True
Let q(z) = -1 + 3*z - 22*z**3 - 12*z**2 + 28*z**2 - 17*z**2 + 0. Is q(-4) prime?
False
Suppose -51*q + 55*q = 4*d - 1277224, -2554511 = -8*d - q. Is d a prime number?
True
Let m(n) = -37496*n**3 - 13*n**2 + 58*n + 58. Is m(-1) a composite number?
False
Let r be (-774)/(-99) + (-4)/(-22). Is ((-2)/r)/(14/(-587272)) a composite number?
False
Is (-18206)/(-4)*12 + 12*25/(-300) a prime number?
True
Is (-11 + (-65473)/(-6))/(-4 - 50/(-12)) a composite number?
False
Suppose 38*v + 152085 = 51*v - 40016. Is v composite?
True
Suppose -5*o + 172*o = -86*o + 49744607. Is o composite?
True
Suppose 222*s - 25510268 - 36904366 = 0. Is s composite?
True
Let a(p) be the first derivative of 19*p**6/45 + p**5/40 + p**4/12 + 4*p**3 + 21. Let h(z) be the third derivative of a(z). Is h(-3) composite?
False
Let y(k) = -2463*k**3 + 5*k**2 + 4*k - 15. Let c be y(-5). Suppose 0 = 20*z - 789935 - c. Is z a prime number?
False
Let f be (-1 + -2)*46905/(-53). Suppose f = b - 9352. Is b a composite number?
False
Let q(x) = 43*x**3 + x**2 + 3*x - 3. Suppose -320*c + 12 = -317*c. Is q(c) a composite number?
False
Let z(y) be the second derivative of -y**5/20 + 3*y**4/2 + 19*y**3/6 - 2*y**2 - 13*y. Let a be z(11). Let v = -481 + a. Is v a composite number?
False
Let d = -19 + 40. Suppose -31 = -5*x - d. Suppose -4*a - 5*v - 643 = -4257, -x*v = 3*a - 2707. Is a a prime number?
False
Let w(i) = -350*i + 167